e t(-2). Suppose -5 = 3*u - 35. What are the prime factors of (-25)/u*b/15?
179
Let y = 4 - 4. Suppose -8*s = -1253 + 1005. Suppose a - 95 - s = y. List the prime factors of a.
2, 3, 7
Let b(q) = -102*q + 1612. List the prime factors of b(-47).
2, 3203
Let t(n) = 5*n**3 - 2*n**2 - 1. Let f be t(2). Suppose 0 = g + f - 120. Let r = g + -3. List the prime factors of r.
2, 43
Let s be (-1 + 1)/(21 - 22). Suppose -4*y + 5*y = s. Suppose y = -4*h + 938 - 34. What are the prime factors of h?
2, 113
Let s(q) = 2*q - 160*q**3 + 57 - 49 + 21*q**2 + 161*q**3. List the prime factors of s(-17).
2, 5, 113
Let q(y) = 3*y**2 + 46*y + 100. Let r(c) = 8*c**2 + 90*c + 199. Let k(s) = 5*q(s) - 2*r(s). List the prime factors of k(23).
3, 241
Let v = 9443 + -4680. List the prime factors of v.
11, 433
What are the prime factors of (-1117*3)/1*(-7)/(119/51)?
3, 1117
What are the prime factors of 14231 - -57 - (-34)/(-2)?
3, 67, 71
Suppose 18*s - 467940 = -12*s. List the prime factors of s.
2, 11, 709
Let g(v) = 157*v**3 + 7*v**2 - 4*v - 10. Let w be g(2). Let m = w + 455. What are the prime factors of m?
1721
Let q(w) = -5*w - 35. Let x be q(-8). Suppose x*a + 339 = 2*g, 0*g - 349 = -2*g - 5*a. Let i = g + -69. What are the prime factors of i?
103
Let z(v) = v**3 - 7*v**2 - 15*v - 12. Let d be (-13 - -13) + (8 - -2) + 1. List the prime factors of z(d).
307
Suppose 2*g = -0*b + 3*b + 121, 0 = g - 3*b - 65. Suppose -39*l + g*l = 15368. What are the prime factors of l?
2, 113
Suppose 566045 = 100*u - 2666826 - 1154729. List the prime factors of u.
2, 7, 1567
Let u = -6686 - -14033. List the prime factors of u.
3, 31, 79
Suppose -q + 0*q = 14*q - 32850. List the prime factors of q.
2, 3, 5, 73
Suppose -8*b + 3*b = -10. Suppose b*l - 5*h - 772 = 0, -4*l = 3*h - 7*h - 1544. What are the prime factors of l?
2, 193
Let c = -60 + 62. Suppose m + 12 = 4*i, c*i - 3*m + 1 = -3. List the prime factors of i/(8/(-1340)*-5).
2, 67
Let g(p) = -p**3 - 11*p**2 + 11*p - 18. Let f = -141 - -150. Let a be (9/f)/((-1)/13). What are the prime factors of g(a)?
3, 59
List the prime factors of 18 + 6 + -11 - -6309.
2, 29, 109
Suppose 8 = 222*n - 218*n. What are the prime factors of ((-84360)/171)/(n/(-6))?
2, 5, 37
Let n = -52 - -67. Suppose -5*u = 5*r, -r = 4*u - 0*u + n. Suppose -r*f + 49 = -4*f. What are the prime factors of f?
7
Let o = -164 + 162. What are the prime factors of (-6744)/12*2/(o/1)?
2, 281
Suppose -5*s + 202105 = 5*d, 12 = -14*s + 17*s. What are the prime factors of d?
13, 3109
Let d = -33 + 33. Suppose -9*v + 3*v + 132 = d. What are the prime factors of (v - 1) + 8/2?
5
Let r(a) = -a**3 + 32*a**2 + 31*a - 118. Let x = 215 + -183. What are the prime factors of r(x)?
2, 19, 23
Let l(w) = 156*w**2 - 48*w - 107. List the prime factors of l(-16).
40597
List the prime factors of (45 + 10)*12508/20.
11, 53, 59
Suppose n + 305 = 6. Let x = n + 741. List the prime factors of x.
2, 13, 17
Suppose 3*f = g, -6*f + 11*f = -2*g + 44. Let l(c) = -c**3 + 22*c**2 - 13*c + 19. What are the prime factors of l(g)?
1303
Suppose 0 = 5*l - b - 21254, 11*l - 4*b + 12734 = 14*l. Let f = -2823 + l. List the prime factors of f.
1427
Let k = 2271 + 1823. What are the prime factors of k?
2, 23, 89
Let f(m) = 2572*m**2 + 120*m - 5. What are the prime factors of f(-2)?
11, 83
Let q = -539 + 100. Let n be q + -7 + -2 + 4. Let m = n - -717. List the prime factors of m.
3, 7, 13
Suppose 0 = -4*j - 2*c, -9*j - 12 = -11*j + 2*c. List the prime factors of (-26950)/343*(j + -9).
2, 5, 11
Suppose 3*y - 6 = 0, 0 = 2850*m - 2843*m + y - 34393. List the prime factors of m.
17
List the prime factors of 49916/7 - (-2)/7 - (-38)/(-266).
3, 2377
Suppose -4*q - 4*i + 504 = 0, -5*q - 4*i = -9*q + 488. Suppose -2*z + q = -4*j + 5*j, 0 = 4*j + 2*z - 466. List the prime factors of j.
2, 3, 19
Let x be 3/((-4)/(-18) - 17/(-45)). Suppose -y = f - 223 - 372, -f - x = 0. List the prime factors of y.
2, 3, 5
Let p = -8917 + 34915. What are the prime factors of p?
2, 3, 7, 619
Let v be ((-13)/((-65)/36))/(2/(-10)). Let c be (-6)/v - (-1445)/6. Let r = -142 + c. List the prime factors of r.
3, 11
Let o(i) = 2232*i + 10991. What are the prime factors of o(31)?
181, 443
Let n be -5 - (7 + -2640 - 1). Suppose 0 = -12*w + 6455 + n. List the prime factors of w.
757
List the prime factors of (8703*-1)/(-1) + 17/(-17).
2, 19, 229
Let h = -5 - 0. Let j(f) = 15*f**3 + f**2 - 1. Let y(d) = -224*d**3 - 10*d**2 + d + 17. Let r(m) = -15*j(m) - y(m). List the prime factors of r(h).
3
Let w(c) = -11026*c**3 + 3*c**2 - 13*c - 14. What are the prime factors of w(-1)?
2, 3, 919
Suppose 4*y - 2675 = 1789. Let n = y + -674. What are the prime factors of n?
2, 13, 17
Let x(p) = -p**2 - 2*p + 132. Let c be x(-14). What are the prime factors of (1 - c) + (1 + 4 - 6)?
2, 3
Let w = 7850 - 6512. List the prime factors of w.
2, 3, 223
Let o(n) = -n**3 - 19*n**2 - 14*n + 64. Let l be o(-26). Suppose l - 1320 = 15*b. List the prime factors of b.
2
Let d(h) = h**2 - 2*h + 20*h - 3*h - 2 + 132 - 10*h. List the prime factors of d(30).
2, 5, 59
Let u = 1362 + 3462. List the prime factors of u.
2, 3, 67
Suppose -22*z = -17*z - 11700. Suppose -3*v + z = 7*v. List the prime factors of v.
2, 3, 13
Let x = -2877 + 7599. What are the prime factors of x?
2, 3, 787
Let s(h) = h**3 - 12*h + 10. Let i be s(5). Let c = i + 217. What are the prime factors of c?
2, 73
Suppose 0 = -4*c - 4*m + 360, -4*c - 2*m - 162 = -526. What are the prime factors of c?
2, 23
Let j(r) = r + 80. Let h be j(0). Let t be 432/h*(5 + 0). Suppose 13 = -26*a + t*a. What are the prime factors of a?
13
Suppose r = -2*r + 306. Let n = 427 + -194. Let d = n - r. What are the prime factors of d?
131
Let k = -310 + 1926. Suppose -166*p - k = -170*p. What are the prime factors of p?
2, 101
Suppose 3293*p + 73488 = 3305*p. List the prime factors of p.
2, 1531
Suppose 13908 = 22*m - 84960. List the prime factors of m.
2, 3, 7, 107
Suppose 3*j + j - 52 = 0. Suppose 4142 = j*i - 1721. What are the prime factors of i?
11, 41
Let b(z) = -2*z**2 + 26*z + 37. Let x be b(26). Let a = 155 - x. What are the prime factors of a?
2, 397
Suppose 1594 = 4*p + 2*u - 284, -12 = -4*u. Let z = 951 - p. What are the prime factors of z?
3, 7, 23
Let q(t) = -t**3 + 2*t**2 + 7*t + 4. Let x be q(6). Let w = -92 - x. Suppose 4*r - c = 57, -w*c = -r - 2*c + 33. What are the prime factors of r?
13
Let h be (-10)/55 + (125680/22)/4. Suppose 0 = 2*s - 4*x - h, -s + 704 = 13*x - 10*x. List the prime factors of s.
2, 5, 71
Let f = -36 + 51. Suppose 327 = -12*w + f*w. List the prime factors of (3 + w/2)*2.
5, 23
Let h(q) = -q**2. Let r(f) = -5*f**2 + 3*f + 32. Let j(k) = -3*h(k) + r(k). Let w be j(10). What are the prime factors of (w/(-8))/(39/208)?
2, 23
Suppose -3*w + 2*y - 1316 = 0, -3*w + y = -3*y + 1318. Let h = w + 750. Suppose -4*f + h + 92 = 0. What are the prime factors of f?
101
Let g(x) = -x**3 - 23*x**2 + 50. Let y be g(-22). Let w = 305 + y. Let m = w - -226. What are the prime factors of m?
97
Let w = 48 + -59. List the prime factors of w*(2 + -6 - 108).
2, 7, 11
Let j(s) = -4*s**2 + 5*s + 10. Let w be j(-2). Let y = w + 21. Suppose 2*t = 5*d - 123, 5*t - 190 = -y*d - 60. List the prime factors of d.
5
Suppose 4*q = -3*m + 19, 5*m + q = 5*q + 53. Let l(y) = 113*y - 7. List the prime factors of l(m).
2, 5, 101
Let p = -14 + 28. What are the prime factors of (p*1/2 - 4) + 245?
2, 31
Let p be ((-34)/6)/(1/(-3)). Let b = 208 - 196. Let f = b + p. List the prime factors of f.
29
Let z(t) = -t**2 + 36*t - 58. Let f be z(34). Suppose 13*g - 222 = f*g. What are the prime factors of g?
2, 37
Suppose -78*z + 123*z - 3591000 = -165*z. What are the prime factors of z?
2, 3, 5, 19
Suppose -760 = o - 233. Let a = 1060 + o. List the prime factors of (a - -4)/3 + 5.
2, 23
Suppose -516 + 513 = -i. Suppose -6*t + 3*t + 288 = 3*g, i*g - t - 284 = 0. What are the prime factors of g?
5, 19
What are the prime factors of -31861*(-17 - -18)/(-1)?
151, 211
Let z = -22975 + 52501. What are the prime factors of z?
2, 3, 7, 19, 37
Suppose -4*v + 20 = 0, -9 = -p + v - 3. Suppose 0 = -p*x + 1485 + 2376. What are the prime factors of x?
3, 13
Suppose 4*q = 4*p + 13 - 1, 5*q - 15 = 0. Suppose 2*m + y - 1513 = p, -418 - 334 = -m - 5*y. List the prim